121?
3
What is the hundred thousands digit of 43736304?
7
What is the tens digit of 1194375624?
2
What is the hundreds digit of 134875502?
5
What is the ten millions digit of 2643433110?
4
What is the hundred millions digit of 169882706?
1
What is the thousands digit of 41763426?
3
What is the hundred thousands digit of 300086901?
0
What is the millions digit of 5460753259?
0
What is the hundreds digit of 349347135?
1
What is the tens digit of 4523242?
4
What is the hundreds digit of 7722081?
0
What is the thousands digit of 94545834?
5
What is the tens digit of 597953905?
0
What is the millions digit of 3106438966?
6
What is the tens digit of 1158027698?
9
What is the tens digit of 36283900?
0
What is the hundreds digit of 141249716?
7
What is the units digit of 6383205983?
3
What is the hundreds digit of 13683897?
8
What is the hundred millions digit of 4095292767?
0
What is the hundreds digit of 11266092?
0
What is the units digit of 113345388?
8
What is the hundreds digit of 6403441?
4
What is the millions digit of 1984266691?
4
What is the units digit of 120276486?
6
What is the units digit of 45370980?
0
What is the ten thousands digit of 207953757?
5
What is the thousands digit of 3306269772?
9
What is the hundred thousands digit of 16962035?
9
What is the tens digit of 1518526666?
6
What is the hundreds digit of 161127659?
6
What is the ten millions digit of 1376778360?
7
What is the ten millions digit of 14244233?
1
What is the units digit of 38641649?
9
What is the ten millions digit of 7064916787?
6
What is the tens digit of 46929755?
5
What is the hundreds digit of 50200894?
8
What is the hundred thousands digit of 256555329?
5
What is the tens digit of 282485834?
3
What is the tens digit of 221233837?
3
What is the ten millions digit of 125661632?
2
What is the tens digit of 550850185?
8
What is the millions digit of 2536738120?
6
What is the ten millions digit of 61837137?
6
What is the hundred millions digit of 2548577864?
5
What is the ten millions digit of 31563731?
3
What is the thousands digit of 793665722?
5
What is the ten thousands digit of 2791025026?
2
What is the hundreds digit of 458383876?
8
What is the ten millions digit of 476327494?
7
What is the hundred thousands digit of 1382220?
3
What is the thousands digit of 135138617?
8
What is the millions digit of 56892789?
6
What is the ten thousands digit of 527786375?
8
What is the thousands digit of 11932532?
2
What is the ten thousands digit of 2992140429?
4
What is the units digit of 240523233?
3
What is the tens digit of 166378214?
1
What is the tens digit of 1377244610?
1
What is the thousands digit of 31698812?
8
What is the millions digit of 40471737?
0
What is the units digit of 109508159?
9
What is the hundred thousands digit of 183925575?
9
What is the thousands digit of 4424011967?
1
What is the thousands digit of 1047690500?
0
What is the hundred millions digit of 211025584?
2
What is the tens digit of 459619470?
7
What is the millions digit of 189696380?
9
What is the tens digit of 5455778298?
9
What is the ten thousands digit of 199165693?
6
What is the hundred millions digit of 241233049?
2
What is the ten thousands digit of 246982782?
8
What is the thousands digit of 231181306?
1
What is the thousands digit of 1351855000?
5
What is the ten thousands digit of 678953302?
5
What is the tens digit of 155365322?
2
What is the units digit of 324579257?
7
What is the ten millions digit of 18533819?
1
What is the thousands digit of 4713718425?
8
What is the hundred thousands digit of 1474573280?
5
What is the ten millions digit of 10490035?
1
What is the hundred millions digit of 2215943753?
2
What is the hundred thousands digit of 509561811?
5
What is the ten thousands digit of 93094631?
9
What is the hundred millions digit of 406187068?
4
What is the tens digit of 5816470094?
9
What is the ten thousands digit of 27808544?
0
What is the thousands digit of 394037957?
7
What is the ten thousands digit of 720417285?
1
What is the millions digit of 3724343683?
4
What is the units digit of 326004726?
6
What is the hundred thousands digit of 18216663?
2
What is the ten millions digit of 1542979588?
4
What is the thousands digit of 275442645?
2
What is the tens digit of 163359495?
9
What is the thousands digit of 1551860263?
0
What is the hundreds digit of 1883872430?
4
What is the hundred millions digit of 1195970880?
1
What is the millions digit of 94753870?
4
What is the ten millions digit of 3226969880?
2
What is the thousands digit of 3627491?
7
What is the hundred thousands digit of 3844245594?
2
What is the millions digit of 42840039?
2
What is the thousands digit of 87784117?
4
What is the units digit of 255885505?
5
What is the millions digit of 135139521?
5
What is the tens digit of 211303800?
0
What is the ten millions digit of 21859417?
2
What is the ten millions digit of 1700899176?
0
What is the ten millions digit of 611765540?
1
What is the hundreds digit of 194156633?
6
What is the millions digit of 173752032?
3
What is the thousands digit of 172711148?
1
What is the millions digit of 8125672?
8
What is the hundred millions digit of 1695807477?
6
What is the ten thousands digit of 2754447244?
4
What is the ten thousands digit of 396751942?
5
What is the tens digit of 1650386243?
4
What is the millions digit of 83142144?
3
What is the units digit of 32985311?
1
What is the ten millions digit of 24353500?
2
What is the thousands digit of 96430777?
0
What is the billions digit of 1402436538?
1
What is the hundreds digit of 54499483?
4
What is the tens digit of 65011110?
1
What is the billions digit of 1850153982?
1
What is the ten thousands digit of 463003298?
0
What is the units digit of 874603300?
0
What is the tens digit of 262621766?
6
What is the hundreds digit of 12435382?
3
What is the hundred thousands digit of 449495484?
4
What is the ten thousands digit of 2043465046?
6
What is the units digit of 130156743?
3
What is the millions digit of 233850890?
3
What is the ten millions digit of 905471792?
0
What is the tens digit of 2853387476?
7
What is the tens digit of 4031515449?
4
What is the hundred millions digit of 333975639?
3
What is the hundred thousands digit of 59402458?
4
What is the ten thousands digit of 3481296938?
9
What is the millions digit of 361761126?
1
What is the hundreds digit of 30221936?
9
What is the hundreds digit of 166175085?
0
What is the units digit of 131770535?
5
What is the tens digit of 74021529?
2
What is the units digit of 46337940?
0
What is the thousands digit of 274847033?
7
What is the ten millions digit of 60207572?
6
What is the ten thousands digit of 129559729?
5
What is the ten thousands digit of 584326469?
2
What is the hundred millions digit of 1650050577?
6
What is the hundreds digit of 33162813?
8
What is the units digit of 630490315?
5
What is the units digit of 71947280?
0
What is the units digit of 6653027413?
3
What is the thousands digit of 431230?
1
What is the hundreds digit of 64866476?
4
What is the hundred millions digit of 646666661?
6
What is the hundred millions digit of 284860903?
2
What is the millions digit of 4220740?
4
What is the thousands digit of 18472981?
2
What is the ten millions digit of 13224146?
1
What is the hundreds digit of 1435224?
2
What is the ten millions digit of 30058568?
3
What is the ten thousands digit of 11145558?
4
What is the ten millions digit of 261498618?
6
What is the hundreds digit of 410771160?
1
What is the hundreds digit of 89493441?
4
What is the tens digit of 10376509?
0
What is the thousands digit of 156058652?
8
What is the hundreds digit of 80993729?
7
What is the tens digit of 64465082?
8
What is the tens digit of 95671603?
0
What is the units digit of 2041561542?
2
What is the units digit of 67088056?
6
What is the millions digit of 353021466?
3
What is the units digit of 54425270?
0
What is the hundred millions digit of 132550209?
1
What is the tens digit of 134386723?
2
What is the hundred thousands digit of 423401318?
4
What is the ten millions digit of 95109116?
9
What is the ten millions digit of 1143973150?
4
What is the billions digit of 2249960881?
2
What is the hundred thousands digit of 6836118423?
1
What is the units digit of 52539